t y = -45 + g. What is the highest common divisor of y and 11?
11
Let l(y) = 6*y**3 - 3. Let w be l(2). Suppose 2*x - 6 - 4 = 0. What is the highest common factor of x and w?
5
Let s(v) = v**2 - 5*v - 6. Let o be s(8). Calculate the highest common factor of 90 and o.
18
Suppose z = -3*z + 28. Let o = 30 + -9. What is the greatest common factor of z and o?
7
Let f(c) = 4*c**2 - 8*c + 9. Let p be f(6). Let y = 22 + -7. What is the highest common factor of y and p?
15
Suppose -12 - 66 = -3*b. Let z be 12/(-9)*(-117)/12. What is the highest common divisor of b and z?
13
Suppose -f + 4*f = 9. What is the greatest common factor of 3 and f?
3
Let q be (8 + -2)/((-15)/(-10)). Suppose -q*l = 13 - 1, y = 5*l + 27. What is the greatest common factor of 4 and y?
4
Suppose 12*r - 5*r = 70. What is the greatest common factor of r and 2?
2
Let x(q) = -10*q + 3. Let r be x(-9). Calculate the greatest common factor of r and 31.
31
Let o be (-1)/(-1 + 116/120). What is the highest common factor of o and 12?
6
Let g = -13 - -22. What is the greatest common factor of g and 63?
9
Let u(h) = -2*h**3 - 2 + 4 + 0*h**3. Let z be u(-2). Suppose -c = 4*v - 4, 16 = -2*c - 2*c. What is the greatest common factor of v and z?
2
Suppose 7 - 1 = 3*d. Calculate the greatest common divisor of 18 and d.
2
Let d = -18 - -17. Let j be (12 + -1)/(d/(-9)). Calculate the highest common factor of j and 11.
11
Let o be ((-33)/44)/(1/(-4)). Suppose -3*v + v + 32 = -o*p, -4*v + p = -44. Calculate the highest common divisor of 30 and v.
10
Suppose -4*k + 54 = 2. Calculate the highest common divisor of k and 13.
13
Let y be (-396)/2*(0 + 1). Let l be (y/(-3))/2 + 3. What is the highest common divisor of l and 12?
12
Suppose -3*j = 2*i + j - 112, -5*j - 157 = -2*i. Calculate the greatest common factor of i and 6.
6
Suppose -2*j + 7 = -4*a - 1, 12 = 3*j + 3*a. What is the greatest common divisor of 64 and j?
4
Let d = 10 - -2. Let k = -4 + 8. Calculate the highest common divisor of k and d.
4
Let u be -1 - -3 - (-73)/1. What is the greatest common divisor of 15 and u?
15
Let n be 9/((-27)/(-6)) + -20. Let f = -11 - n. Calculate the highest common factor of 1 and f.
1
Suppose -60 = -g - 4*g. Calculate the highest common factor of g and 108.
12
Suppose -5*y + 6 = -2*y. Suppose -2*d + 16 = y*d - 5*r, r - 49 = -5*d. Calculate the highest common divisor of 45 and d.
9
Let k be 4 + -1 + 2 + 31. Let u = -10 + 15. Suppose 5*t = -3*g + 49, 4*t = -u*g + 38 + 48. What is the greatest common factor of k and g?
18
Let n be 42/4*(0 + 2). Let g = -16 + 22. Let j be g/8*3*28. Calculate the highest common factor of n and j.
21
Suppose 261 = 4*d - 87. Let t = d - 57. Let g = -8 + t. Calculate the greatest common factor of g and 110.
22
Let n be (-1 + 6/9)*-33. Let g(b) = -b**3 - 9*b**2 + 18*b + 8. Let y be g(-12). Suppose 0 = 4*x - y + 4. What is the highest common divisor of n and x?
11
Let f be ((-372)/9)/(4/(-6)). Suppose f = 3*x - 37. Suppose t - 18 - 4 = 0. Calculate the highest common factor of t and x.
11
Suppose n = -3*p + 64, p + 5 = -4*n + 30. Suppose 5*k - p = -a, 5*a - 5*k = -0*a + 15. Calculate the highest common factor of 12 and a.
6
Let z(f) = -f + 21. Let w be z(0). Let t be (-4)/(-3) + (-7)/w. Calculate the greatest common divisor of 8 and t.
1
Suppose 0*x = 2*x - 126. What is the greatest common factor of x and 9?
9
Let u be (1 + 0)*(-176)/(-2). Let y = -8 - -19. What is the highest common factor of y and u?
11
Let x = 71 + -26. Let m(n) = 17*n**2 - n. Let o be m(-1). What is the highest common factor of x and o?
9
Let m = -20 - -83. Calculate the greatest common factor of m and 9.
9
Suppose 0 = -7*z + 60 + 52. What is the greatest common divisor of z and 40?
8
Suppose 3*a - 8 = x - 1, -5*a + 13 = -x. Let p be 0/(2 + x/(-2)). Let k(t) = -t**2 + t + 20. Let c be k(p). What is the highest common factor of 160 and c?
20
Let i(f) = f + 9. Let j be i(0). Let h = -189 + 46. Let d = 206 + h. Calculate the greatest common factor of j and d.
9
Let o = 1 - -3. Suppose -2*s = 2*t - 212, -t - 426 = -o*s - 6*t. Suppose 0 = -2*l - 2*l + s. What is the highest common factor of l and 13?
13
Suppose -4*x + 957 = -4*b + 385, 10 = -2*b. Suppose -r - 48 + x = 0. Calculate the highest common divisor of 10 and r.
10
Let s be 138/7 + (-6)/(-21). Let b be (22/(-4))/((-2)/s). What is the greatest common divisor of 22 and b?
11
Let v be 2 - (1 + 1 - 21). Let j = v - 9. Suppose 7*n - 2*n - 180 = 0. What is the greatest common factor of j and n?
12
Let k(z) = -z**3 + 2*z**2 + 7*z - 4. Let r be k(3). Calculate the highest common factor of 40 and r.
8
Let t be ((-2)/4)/((-3)/(4*27)). Calculate the greatest common factor of t and 27.
9
Let a(p) = 98*p + 2. Let o be a(2). Calculate the highest common factor of 18 and o.
18
Suppose 0 = b + 3*f - 9, 4*f + 0 = -b + 6. Let d be 27/(-3 + (-54)/(-12)). Calculate the highest common divisor of b and d.
18
Let i = 54 - -126. Let r be (-3)/((1 - 4) + 2). Suppose -6 = -4*c - 2, -2*t = r*c - 43. Calculate the greatest common divisor of t and i.
20
Let j = 4 + -3. Suppose 0 = -b + 5*q - 40, 0*q + 36 = -2*b - q. Let v be (b - -3 - j)*-1. What is the greatest common factor of v and 6?
6
Let a = 20 - 12. Suppose 2*v = 2 + 2. Suppose v*k - 5*k + 264 = 0. What is the greatest common factor of a and k?
8
Suppose x - 115 = 5*g, -4*x = x + 2*g - 710. What is the highest common divisor of 20 and x?
20
Let p = -7 + 9. Suppose -4*y = -0*g + p*g - 168, -5*y = g - 216. What is the highest common factor of y and 4?
4
Let t(q) = -399*q**2 + q - 1. Let j be t(1). Let v = j - -606. Calculate the highest common factor of 23 and v.
23
Let i(z) = -4*z**3 + z**2 - z - 1. Let q be i(-1). Suppose 0 = -q*x - 0 + 25. Let j be (-10)/(40/36)*-5. What is the greatest common divisor of j and x?
5
Suppose 66 = 2*c - 94. Calculate the highest common divisor of 16 and c.
16
Let v(q) = 3*q**2 - 4*q + 4. Let t be v(2). What is the highest common divisor of t and 48?
8
Let t be 2/(1 - (-64)/(-65)). Let p be (-4)/((-18)/(-52) - 15/30). Calculate the highest common divisor of t and p.
26
Let x = -122 - -157. What is the greatest common divisor of 20 and x?
5
Let w = 3 + -9. Let c = w + 14. What is the highest common divisor of c and 16?
8
Suppose -w + 290 = 171. Calculate the highest common divisor of w and 51.
17
Let j(i) = -21*i - 4. Let f(y) = 11*y + 2. Let u(x) = 5*f(x) + 3*j(x). Let m be u(-3). Calculate the highest common factor of m and 33.
11
Suppose 0 = -0*n + 4*n - 2*s - 42, 4*s + 4 = -2*n. What is the highest common divisor of n and 16?
8
Let h(o) = 11*o**3 - 2*o**2 + 2*o - 1. Let l be h(1). Suppose -z + 12 = 3*z. Let p be z*(4/(-3) - -2). Calculate the highest common divisor of l and p.
2
Let w be (-15)/(-25) - 102/(-5). Calculate the greatest common divisor of w and 84.
21
Let t be 1*(124 + (2 - 2)). Suppose 0 = -b - 5*x + 57, 3*b = 2*x - 4 + t. Calculate the highest common factor of 6 and b.
6
Let l = 0 - 0. Let q(k) be the third derivative of -k**4/24 + 11*k**3/6 - 3*k**2. Let f be q(l). Calculate the greatest common factor of f and 1.
1
Let m(v) = -10*v**3. Let u be m(-1). Suppose 2*d = -4*d + 420. Calculate the greatest common factor of u and d.
10
Let r = 29 - 50. Let i be (-6)/(-8)*(-56)/r. Let s be (-8)/(3*i/(-3)). What is the greatest common divisor of s and 40?
4
Let b(j) = j**3 - 6*j**2 - 7*j + 10. Suppose -m - 31 = -3*k + 4*m, -3*k - 2*m = -17. Let p be b(k). What is the highest common divisor of 70 and p?
10
Suppose -g - 6 = -3*r, r - g + 2*g = -2. Suppose r = -b + 12. Let h be 42/b - 2/(-11). What is the greatest common factor of h and 4?
4
Suppose 5*a - 155 - 8 = -b, b - 130 = -4*a. What is the greatest common divisor of a and 66?
33
Let j(r) = -r - 7. Let m be j(0). Let l = m + 11. Suppose -3*t = 3*u - 48, -4*t + 31 - 7 = -l*u. What is the greatest common divisor of t and 55?
11
Let i = 149 + -79. Let c be ((-6)/(-7))/(2/i). Calculate the greatest common factor of c and 45.
15
Suppose -4*q - 19 = -79. Suppose -5*o = 2*v - 505, 0 = v - 4 - 1. Suppose -3*l + o = q. What is the highest common factor of 168 and l?
28
Let i = 40 + -31. What is the highest common divisor of i and 63?
9
Let q(v) = 5*v - 40. Let a be q(18). What is the greatest common divisor of a and 10?
10
Let g(t) = 2*t**2 - 3*